
Calculate (-18 - -22) + -12 + 35 + (10 - (9 + -6)).
34
What is the value of (-2 - (-11 - 3)) + 27 + 21 + -67 - 86?
-93
What is -1 - (70 + -43 + -95)?
67
Calculate (-37 - 2) + 376 + -333.
4
What is the value of 79 + -23 + 56 - (5 + 8)?
99
Evaluate 16 - ((11 - 32 - -10) + 4).
23
What is 237 + -233 - (-36 + 3)?
37
What is 178 - (-114 + 34 + 143)?
115
Calculate (9 - -2 - (51 + (7 - 51))) + 0 + 13.
17
(14 - 1) + (-2277 - -2273)
9
Calculate -41 - (57 - 122) - 24.
0
-83 + 73 + 84 + -76
-2
What is 25 + 38 + -23 - 16 - -28?
52
Evaluate (-2 - -33) + (76 - (84 - -55)).
-32
-4 + 5 + -4 + 48 + -44 - (1 - 5)
5
What is -93 + 78 + (-2 - -9) + (-5 - (2 - 71))?
56
What is the value of -1 - (13 - (-70 - -11) - 21)?
-52
Evaluate 6 + (11 + 2 - (22 - -4)) + -2.
-9
Evaluate 1 - -3 - (-1 - -4) - 15 - (-2184 - -2189).
-19
Evaluate 113 - 1 - (16 + -43 + -8 + 40).
107
Evaluate (53 - (4 + -1)) + (22 + 0 - (258 - 222)).
36
What is 12 - -10 - (9 + -9 + -7)?
29
What is 103 + (-5 - (11 + -1 + -52 + (31 - -13)))?
96
Calculate -8 + -1 - (-125 - (-74 + (-38 - -105))).
109
7120 - 7237 - (0 + -47)
-70
(-1 - 31) + (-34 - -14 - (-28 - -15)) + 15
-24
-48 - (-66 - 30) - 1
47
(2 - 4) + -42 - ((-42 - 4) + 38)
-36
-51 - 0 - (4318 - 4335)
-34
What is the value of (64 - -12 - 75) + -4?
-3
What is the value of 124 - (-105 - -120) - 98?
11
What is -94 + 40 + 95 - 7?
34
-3 - (-2 + 4) - (-11 + 88 - 11 - 17)
-54
-20 + -21 - -60 - -26
45
-65 - ((59 - 9) + -118)
3
-69 - ((-14 - (12 + -26 + 9)) + 1)
-61
Evaluate -38 + 2 + -2 + 3 - (-38 - (0 + -49)).
-46
(161 - 186) + -12 + 1 + (13 - 2)
-25
(-240 - -241) + 2 + -1 + 18
20
What is the value of (2 + 5 - 9) + 2 - (1 + -2 - -38)?
-37
Calculate (-99 - -51 - -1) + (1 - 3 - 1) + -6.
-56
-5 + (69 - (-27 + 33)) + 6
64
What is (-4 - -2) + -1 + 13 + -27 + 49 + 36?
68
Calculate -80 + 93 + (2 - (-6 + 12)) - 58.
-49
Calculate 2 + -10 - (-15 - (5 + 60 - 41)).
31
45 + (-86 - (52 + -126))
33
What is (1 + 3 + 4 + 21 + -25 - 20) + -1?
-17
What is the value of (-2 - -16 - 116) + 78?
-24
-24 + (1 + -1 - 2) - (-72 + 66 + 0)
-20
What is the value of 11 + (14 - -2) + (47 + -14 - 4)?
56
Evaluate 39 + 0 + -2 - (-8 - (-7 - -7) - -1).
44
What is the value of 109 - (59 + -24) - 28?
46
What is the value of 43 + (42 - 67) + 29?
47
What is -8 - (-10 + -13 + 89 + -38)?
-36
What is 5 - (135 + -126 + (3 - (53 + -3)))?
43
Evaluate -35 + -124 + 240 - 51.
30
What is 37 - ((330 - 330) + -1 + -2 + 2)?
38
Evaluate 5 + (43 + 2 - (23 + -31 + 7 + 6)).
45
What is the value of 13 - (-9 - ((5 - -9) + -19) - -11)?
6
Calculate 5 - (14 + (-65 - -7)).
49
(-3 - -19) + 4 + (2 - 7 - 27)
-12
What is (20 + -17 - 14) + 5 - (-6 + 69)?
-69
83 + -68 + 14 - (27 + -2)
4
What is the value of -1489 - -1508 - (-7 - (0 + -4) - -6)?
16
What is 221 + 67 + -250 - (0 + 117)?
-79
42 + 65 + (-115 - -41)
33
What is (81 - (3 - (-2 + 1))) + (-1 - -22 - 20)?
78
What is the value of -1 - (12 + (15 - (147 + 13 - 15)))?
117
What is -5 + 2 + 90 + 21 + -57?
51
-10 + (9 - (11 - -49)) + (10 - -1)
-50
-24 - -14 - (12 - 1 - (67 - 66))
-20
What is the value of -8 + 10 + 0 + 11 + (-2 + -51 - -97)?
57
Calculate 4 + -42 + (225 - 188).
-1
What is the value of (-3 - (-8 + 4)) + (-2 - -36)?
35
What is -36 - (0 - (-4 - -4) - (31 - 32))?
-37
What is (-125 - -11) + 80 + -57?
-91
7 - ((4 - -6) + 16 + (-29 - -14))
-4
Calculate -45 - (75 - 106) - -41.
27
What is 2 - (-9 + (-2 + 8 - 15) + 4)?
16
-9 + (18 + -35 - -67)
41
Evaluate 11 + 2 + 2 - (-22 + 146 + -68).
-41
-27 + 0 + 1515 + -1468
20
Calculate 72 + (1 - -1 - ((6 - (-9 + 4)) + -6)).
69
Evaluate -2 + 2 + -9 + -28 + 23 + (-10 - -13).
-11
Calculate (-530 - -442) + 3 + 14.
-71
What is the value of -5744 + 5732 - (0 + (0 - 2) + -17)?
7
Evaluate -3 + 0 - (-19 - -34) - 12 - 10.
-40
Calculate 25 - ((-5 - 0) + -8 + 15 + 11) - 109.
-97
Evaluate -56 + 110 + (-10 - (1 - -10)).
33
Calculate 41 - ((-15 - -64) + 1).
-9
Evaluate (100 - 99) + (20 - -14).
35
What is 16 + -2 + (1 - 6) + (54 + 6 - 55)?
14
What is the value of 25 + (28 - 5) + (3 - (30 + -12))?
33
Evaluate 6 + 2 - (-8 + 24 + -17).
9
What is 116 + -9 + (-3 - 130)?
-26
Calculate (-10 - (3 + -2)) + -82 + 31 + 26 + -10.
-46
Evaluate (-1 + (-5 - -19) + -11 - 20) + -6 + -10.
-34
-8216 + 8174 + (-40 - (-3 - -1))
-80
Evaluate -28 + 91 + 19 + -71.
11
Calculate 0 + (-1 - (2 + -47)) - (-172 + 275 + -92).
33
Calculate -28 - 0 - ((40 - 16) + -19).
-33
Evaluate -8 - (12 + (14 - 75) + -15 + 1) - 4.
51
What is the value of 85 - ((-3 + 0 + -6 - (-17 + 4)) + 5)?
76
Evaluate 93 + -8 + -134 - -82.
33
Evaluate -55 + 1 + -67 + -21.
-142
Evaluate -102 + (-1 - -8 - -113).
18
What is the value of 1 + -29 + -4 + -3218 + 3204?
-46
Evaluate 4 - (-11 - (-11 - -30) - (10 - 6)).
38
What is -36 - ((38 - -30) + -66)?
-38
Evaluate (-5 - 3) + 15 - (6 + (-17 - 0) + 10).
8
(-21 - (22 - 30 - 18)) + -19
-14
What is the value of (-1324 - -1320) + (5 - 31) + -3 + 0 + 1?
-32
What is 21 - -11 - (61 + 114 + -24)?
-119
-78 + 66 + (14 - 4 - -85 - (2 + 1))
80
What is (-8 - -50) + 0 + 0?
42
What is the value of (-1 - 1) + (16 - 35) + 7 + 7?
-7
What is 38 - (-4 - (1 + -5 + (93 - 92)))?
39
What is 73 - ((3 - 17) + 21 - -17)?
49
What is the value of (52 - 15) + -38 - (7 - 0) - 92?
-100
1 + 0 + 7 + 2 - (-122 + -73 + 301)
-96
-31 + -3 + 16 + -27 + 7
-38
-11 + -1 + 1 + (-2 - -11)
-2
-87 - (-45 - -8) - (-4 + 3 + -1 + -3)
-45
-6 + ((-20 - -2) + 23 - 35)
-36
Evaluate (-79 - -76) + 74 - 53.
18
Evaluate -16 + -25 + 83 + -69.
-27
Evaluate (-49 - -35 - 44) + -7 + 12.
-53
Calculate (122 - -127) + -123 - 18.
108
Calculate -19 + -5 + (23 - 29 - -34).
4
Calculate 54 - ((-41 - 4) + -3).
102
(-8 - (-39 - (-6 + -7 + 1))) + -4 - -15
30
Calculate -16 + (0 - (-9 + 4)) - (-1 + -2) - -44.
36
Evaluate (88 - 4 - 1) + -297 + 286.
72
What is the value of (-77 - 1) + (26 - (-145 - -147))?
-54
Calculate -23 - (-28 - -19 - 12) - 28.
-30
What is the value of (9 + 0 - 27 - -29) + (-7 - (4 - 2))?
2
What is (-25 - 1) + (17 + -19 - 23 - -34 - 6)?
-23
(46 - (69 + -9)) + 22
8
8 + -18 - ((6 - 18) + 9 - 45)
38
Evaluate (-7 - -15) + -14 - -9 - (3 - 3 - -21).
-18
What is the value of -23 + (14 + -13 - (2 + 6) - -21)?
-9
(70 + 19 - 7) + 15
97
What is 4 + 0 - (-9 + (-3 - (-6 - -41)))?
51
Calculate (7 + (-7 - (21 + -9)) - (-1 - 2)) + -18.
-27
Calculate (204 - 218) + 55 + (3 - -1).
45
Calculate (-76 + 108 - -234) + -136.
130
Evaluate -180 + 19 + 19 - -72.
-70
Calculate (-36 - 41) + (23 - 0) + 2.
-52
What is the value of (33 + -10 - (13 - -10)) + 8 + 0 + -2?
6
What is -2 + -48 + (2 - (10 - 3) - -6)?
-49
What is (-85 - 0 - (47 - 40)) + -3 + -1 + 8?
-88
Calculate -31 - (-112 + 122 + (-13 - 1)).
-27
Evaluate -4 + (5 - 8) + -24 + 19 + -50.
-62
Evaluate 639 + -657 - (62 - 2).
-78
3637 + -3701 + (-10 - (3 + -8 + 2))
-71
What is the value of 23 - (2 + 23 + -8 + -24)?
30
-43 - -12 - 32 - (2 + -5)
-60
What is the value of -2 - -6 - (152 - 138 - (40 + -5))?
25
-56 + 39 + (9 - (0 + 2)) - -21 - 8
3
What is the value of 11 + 1 + 0 + (-13 - 6) + -1?
-8
Evaluate 0 + (-206 + 197 - (-116 + (0 - (-4 + 5)))).
108
Calculate (-5 - 1) + ((33 - 56) + 31 - (1 + -2)).
3
Evaluate (84 + -1 - 108) + 12 + (1 - 3).
-15
What is the value of -38 + 80 + (-80 - 32)?
-70
What is -3 + (0 - (23 + -9 - (-9 - 4)))?
-30
(57 - 80) + -8 + (6 - 0)
-25
Evaluate 92 - 3 - (106 + -68).
51
What is the value of 31 - -22 - (101 + -25)?
-23
Evaluate -14 - (-22 + 4 + -26).
30
Evaluate -56 - (-22 + 107 - 103).
-38
What is 91 + (-3 + -32 - (-734 + 727))?
63
Evaluate -46 - -52 - 5 - -51.
52
What is the value of -52 + -10 - (-48 - (-73 - 0))?
-87
-44 + (4 + -2 - (56 - 57) - (-1 - 0))
-40
What is 76 + (-38 + 66 - 195) - (1 + 8 + 0)?
-100
-28 + (-16 - -117 - 42) - (-1 + -5)
37
What is 19 - (33 + (-49 - 2))?
37
Evaluate 60 + (122 - 122) + 0 + (9 + 1 - -1).
71
Evaluate (-45 - -12) + 87 - -29.
83
What is the value of (35 - -3 - -6) + (-1 - 5 - (-4 - 0))?
42
Evaluate -4 + (-20 - -6) + -13 + 2 + -1.
-30
Evaluate (9 - 2) + (-6 - ((20 - 2) + -8)) - -26.
17
Calculate -15 + 66 + 10 + -56.
5
What is the value of -6 - 13 - -4 - (-7 + 83 + (-6 - 2))?
-83
What is -117 - (7 - 4) - ((8 - 12) + 0) - -9?
-107
What is (2 - (37 + -19 + -11)) + -18?
-23
(-106 - -101) + (0 - -21) - 49
-33
What is the value of 86 + -42 - (12 - (-4 + 7))?
35
Calculate -46 + 1 + 1 - ((41 - 33) + 35 + -46).
-41
(-5 - -1 - -1) + 15 